{"id":8987,"date":"2021-04-07T08:54:28","date_gmt":"2021-04-07T07:54:28","guid":{"rendered":"https:\/\/www.fit-n-ess.com\/?page_id=8987"},"modified":"2021-04-07T08:54:28","modified_gmt":"2021-04-07T07:54:28","slug":"fuer-instiutionen","status":"publish","type":"page","link":"https:\/\/www.fit-n-ess.com\/index.php\/fuer-instiutionen\/","title":{"rendered":"F\u00fcr Instiutionen"},"content":{"rendered":"\n<p>Passgenaue Konzepte f\u00fcr Ihre Zielgruppe erstellen ist mein  Ding!<\/p>\n\n\n\n<p>Ich unterst\u00fctze von der Bedarfsanalyse, \u00fcber die Konzepterstellung bis hin zur Organisation und Durchf\u00fchrung Ihres Projektes. Und bleibe dabei ganz in Ihrem Budgetrahmen.<\/p>\n\n\n\n<p>Ob in der Kommune, im Bereich Arbeitsf\u00f6rderung oder im Sportverein. Niedrigschwellige, aber begeisternde Gesundheitsf\u00f6rderung die ankommt, wo sie ben\u00f6tigt wird.<\/p>\n\n\n\n<p>Ich unterst\u00fctze und erarbeite individuelle Konzepte in besonderen Situationen &#8211; in Zeiten von Corona &#8211; hygiene-konform und sicher.<\/p>\n","protected":false},"excerpt":{"rendered":"<p>Passgenaue Konzepte exakt nach dem Bedarf Ihrer Zielgruppe.<br \/>\nMa\u00dfnahmen, die ankommen, wo sie sollen!<\/p>\n","protected":false},"author":1,"featured_media":0,"parent":0,"menu_order":0,"comment_status":"closed","ping_status":"closed","template":"","meta":[],"_links":{"self":[{"href":"https:\/\/www.fit-n-ess.com\/index.php\/wp-json\/wp\/v2\/pages\/8987"}],"collection":[{"href":"https:\/\/www.fit-n-ess.com\/index.php\/wp-json\/wp\/v2\/pages"}],"about":[{"href":"https:\/\/www.fit-n-ess.com\/index.php\/wp-json\/wp\/v2\/types\/page"}],"author":[{"embeddable":true,"href":"https:\/\/www.fit-n-ess.com\/index.php\/wp-json\/wp\/v2\/users\/1"}],"replies":[{"embeddable":true,"href":"https:\/\/www.fit-n-ess.com\/index.php\/wp-json\/wp\/v2\/comments?post=8987"}],"version-history":[{"count":1,"href":"https:\/\/www.fit-n-ess.com\/index.php\/wp-json\/wp\/v2\/pages\/8987\/revisions"}],"predecessor-version":[{"id":8988,"href":"https:\/\/www.fit-n-ess.com\/index.php\/wp-json\/wp\/v2\/pages\/8987\/revisions\/8988"}],"wp:attachment":[{"href":"https:\/\/www.fit-n-ess.com\/index.php\/wp-json\/wp\/v2\/media?parent=8987"}],"curies":[{"name":"wp","href":"https:\/\/api.w.org\/{rel}","templated":true}]}}